{"id":208,"date":"2025-10-17T14:52:15","date_gmt":"2025-10-17T14:52:15","guid":{"rendered":"https:\/\/memostasis.parisnanterre.fr\/?page_id=208"},"modified":"2025-11-19T20:33:11","modified_gmt":"2025-11-19T20:33:11","slug":"membres-et-institutions-partenaires","status":"publish","type":"page","link":"https:\/\/memostasis.parisnanterre.fr\/index.php\/membres-et-institutions-partenaires\/","title":{"rendered":"Membres et institutions partenaires"},"content":{"rendered":"\n<p>Nous sommes tr\u00e8s reconnaissants \u00e0 l&#8217;ensemble des personnes et des institutions qui soutiennent le programme <em>Memostasis : nommer, penser, reconna\u00eetre les guerres civiles (litt\u00e9rature, philosophie, histoire)<\/em><\/p>\n\n\n\n<p class=\"has-text-align-center has-theme-palette-7-color has-theme-palette-6-background-color has-text-color has-background has-link-color wp-elements-dd48634e934e3e2ccf8bb171e0ea3cc5\">Les membres permanents de MEMOSTASIS<\/p>\n\n\n\n<p class=\"has-text-align-center has-theme-palette-8-color has-theme-palette-1-background-color has-text-color has-background has-link-color wp-elements-59ff7e782f0f478b7613ddafdf50cf14\">Membres seniors fondatrices<\/p>\n\n\n\n<p>Mathilde Bernard, MCF, Litt\u00e9rature fran\u00e7aise, Universit\u00e9 Paris Nanterre<\/p>\n\n\n\n<p>Laurence Campa, Prof., Litt\u00e9rature fan\u00e7aise, Universit\u00e9 Paris Nanterre<\/p>\n\n\n\n<p>Ninon Grang\u00e9, Prof., Philosophie, Universit\u00e9 Paris 8<\/p>\n\n\n\n<p class=\"has-text-align-center has-theme-palette-7-color has-theme-palette-1-background-color has-text-color has-background has-link-color wp-elements-f0edc41edce7c44922cc44bd05b0871b\">Membres juniors<\/p>\n\n\n\n<p>Guillaume Bolzinger, dipl\u00f4m\u00e9 de M2, Litt\u00e9rature fran\u00e7aise, Universit\u00e9 Paris Nanterre<\/p>\n\n\n\n<p>Louise Boutet, doctorante, Litt\u00e9rature fran\u00e7aise, Universit\u00e9 Paris Nanterre<\/p>\n\n\n\n<p>Siggurdur Einarsson, dipl\u00f4m\u00e9 de M2, Histoire contemporaine, Paris 1<\/p>\n\n\n\n<p class=\"has-text-align-center has-theme-palette-7-color has-theme-palette-6-background-color has-text-color has-background has-link-color wp-elements-4f2c068bfadd9b40a025f658e204dc1d\">Les membres et institutions partenaires<\/p>\n\n\n\n<figure class=\"wp-block-table\"><table class=\"has-fixed-layout\"><tbody><tr><td>Alerini Julien<\/td><td>Paris 1 \u2013 Institut des \u00c9tudes sur la guerre et la paix<\/td><\/tr><tr><td>Audoin-Rouzeau St\u00e9phane<\/td><td>EHESS \/ CESPRA<\/td><\/tr><tr><td>Bernard Mathilde<\/td><td>Paris Nanterre<\/td><\/tr><tr><td>Campa Laurence<\/td><td>Paris Nanterre<\/td><\/tr><tr><td>Capdetrey Laurent<\/td><td>U. Bordeaux-Montaigne \u00c9quipe Guerres, espaces, repr\u00e9sentations Membre de l\u2019AEGES (Association pour les \u00e9tudes sur la guerre et sur la strat\u00e9gie)<\/td><\/tr><tr><td>Cubeddu-Proux Stefania<\/td><td>Paris Nanterre<\/td><\/tr><tr><td>Duflo Colas<\/td><td>Paris Nanterre<\/td><\/tr><tr><td>Fournel Jean-Louis<\/td><td>Paris 8<\/td><\/tr><tr><td>Grang\u00e9 Ninon<\/td><td>Paris 8&nbsp;<\/td><\/tr><tr><td>H\u00e9risson Audrey<\/td><td>ACADEM (Acad\u00e9mie militaire de d\u00e9fense \u2013 \u00c9cole militaire)<\/td><\/tr><tr><td>Ingrao Christian&nbsp;<\/td><td>CNRS \/ EHESS \/ CESPRA<\/td><\/tr><tr><td>Pi\u00e9gais Gwendal<\/td><td>Center for War Studies \/ ERC advanced grant Civil Wars (Pro. Gerwarth dir.)<\/td><\/tr><tr><td>Ribeiro Cavalcanti Thomaz Julia<\/td><td>R\u00e9seau de jeunes chercheurs&nbsp;<em>Une plus grande guerre<\/em><\/td><\/tr><tr><td>Schu Adrien<\/td><td>U. Bordeaux-Montaigne Institut de recherches Montesquieu Pr\u00e9sident de l\u2019AEGES (Association pour les \u00e9tudes sur la guerre et sur la strat\u00e9gie)<\/td><\/tr><tr><td>S\u00e9n\u00e9 Xavier<\/td><td>La Contemporaine<\/td><\/tr><tr><td>Tanniou Florence<\/td><td>Paris Nanterre<\/td><\/tr><tr><td>Zard Philippe<\/td><td>Paris Nanterre<\/td><\/tr><\/tbody><\/table><\/figure>\n","protected":false},"excerpt":{"rendered":"<p>Nous sommes tr\u00e8s reconnaissants \u00e0 l&#8217;ensemble des personnes et des institutions qui soutiennent le programme Memostasis : nommer, penser, reconna\u00eetre les guerres civiles (litt\u00e9rature, philosophie, histoire) Les membres permanents de MEMOSTASIS Membres seniors fondatrices Mathilde Bernard, MCF, Litt\u00e9rature fran\u00e7aise, Universit\u00e9 Paris Nanterre Laurence Campa, Prof., Litt\u00e9rature fan\u00e7aise, Universit\u00e9 Paris Nanterre Ninon Grang\u00e9, Prof., Philosophie, Universit\u00e9&#8230;<\/p>\n","protected":false},"author":2,"featured_media":144,"parent":0,"menu_order":0,"comment_status":"closed","ping_status":"closed","template":"","meta":{"_kad_blocks_custom_css":"","_kad_blocks_head_custom_js":"","_kad_blocks_body_custom_js":"","_kad_blocks_footer_custom_js":"","_kad_post_transparent":"","_kad_post_title":"","_kad_post_layout":"","_kad_post_sidebar_id":"","_kad_post_content_style":"","_kad_post_vertical_padding":"","_kad_post_feature":"","_kad_post_feature_position":"","_kad_post_header":false,"_kad_post_footer":false,"footnotes":""},"class_list":["post-208","page","type-page","status-publish","has-post-thumbnail","hentry"],"taxonomy_info":[],"featured_image_src_large":["https:\/\/memostasis.parisnanterre.fr\/wp-content\/uploads\/2025\/09\/Brigadistes-avec-enfants-a-Pradell-a-gauche-Francisek-Ksiezarczyk-et-a-droite-Boleslaw-Molojec-PH-N-007-211-Lot-1-Media-1-LArgonnaute-Bibliotheque-numerique-de-La-contemporaine-1024x658.jpg",1024,658,true],"author_info":{"display_name":"webestre","author_link":"https:\/\/memostasis.parisnanterre.fr\/index.php\/author\/scarella\/"},"comment_info":0,"_links":{"self":[{"href":"https:\/\/memostasis.parisnanterre.fr\/index.php\/wp-json\/wp\/v2\/pages\/208","targetHints":{"allow":["GET"]}}],"collection":[{"href":"https:\/\/memostasis.parisnanterre.fr\/index.php\/wp-json\/wp\/v2\/pages"}],"about":[{"href":"https:\/\/memostasis.parisnanterre.fr\/index.php\/wp-json\/wp\/v2\/types\/page"}],"author":[{"embeddable":true,"href":"https:\/\/memostasis.parisnanterre.fr\/index.php\/wp-json\/wp\/v2\/users\/2"}],"replies":[{"embeddable":true,"href":"https:\/\/memostasis.parisnanterre.fr\/index.php\/wp-json\/wp\/v2\/comments?post=208"}],"version-history":[{"count":3,"href":"https:\/\/memostasis.parisnanterre.fr\/index.php\/wp-json\/wp\/v2\/pages\/208\/revisions"}],"predecessor-version":[{"id":250,"href":"https:\/\/memostasis.parisnanterre.fr\/index.php\/wp-json\/wp\/v2\/pages\/208\/revisions\/250"}],"wp:featuredmedia":[{"embeddable":true,"href":"https:\/\/memostasis.parisnanterre.fr\/index.php\/wp-json\/wp\/v2\/media\/144"}],"wp:attachment":[{"href":"https:\/\/memostasis.parisnanterre.fr\/index.php\/wp-json\/wp\/v2\/media?parent=208"}],"curies":[{"name":"wp","href":"https:\/\/api.w.org\/{rel}","templated":true}]}}

<p>Nous sommes très reconnaissants à l&#8217;ensemble des personnes et des institutions qui soutiennent le programme <em>Memostasis : nommer, penser, reconnaître les guerres civiles (littérature, philosophie, histoire)</em></p>



<p class="has-text-align-center has-theme-palette-7-color has-theme-palette-6-background-color has-text-color has-background has-link-color wp-elements-dd48634e934e3e2ccf8bb171e0ea3cc5">Les membres permanents de MEMOSTASIS</p>



<p class="has-text-align-center has-theme-palette-8-color has-theme-palette-1-background-color has-text-color has-background has-link-color wp-elements-59ff7e782f0f478b7613ddafdf50cf14">Membres seniors fondatrices</p>



<p>Mathilde Bernard, MCF, Littérature française, Université Paris Nanterre</p>



<p>Laurence Campa, Prof., Littérature fançaise, Université Paris Nanterre</p>



<p>Ninon Grangé, Prof., Philosophie, Université Paris 8</p>



<p class="has-text-align-center has-theme-palette-7-color has-theme-palette-1-background-color has-text-color has-background has-link-color wp-elements-f0edc41edce7c44922cc44bd05b0871b">Membres juniors</p>



<p>Guillaume Bolzinger, diplômé de M2, Littérature française, Université Paris Nanterre</p>



<p>Louise Boutet, doctorante, Littérature française, Université Paris Nanterre</p>



<p>Siggurdur Einarsson, diplômé de M2, Histoire contemporaine, Paris 1</p>



<p class="has-text-align-center has-theme-palette-7-color has-theme-palette-6-background-color has-text-color has-background has-link-color wp-elements-4f2c068bfadd9b40a025f658e204dc1d">Les membres et institutions partenaires</p>



<figure class="wp-block-table"><table class="has-fixed-layout"><tbody><tr><td>Alerini Julien</td><td>Paris 1 – Institut des Études sur la guerre et la paix</td></tr><tr><td>Audoin-Rouzeau Stéphane</td><td>EHESS / CESPRA</td></tr><tr><td>Bernard Mathilde</td><td>Paris Nanterre</td></tr><tr><td>Campa Laurence</td><td>Paris Nanterre</td></tr><tr><td>Capdetrey Laurent</td><td>U. Bordeaux-Montaigne Équipe Guerres, espaces, représentations Membre de l’AEGES (Association pour les études sur la guerre et sur la stratégie)</td></tr><tr><td>Cubeddu-Proux Stefania</td><td>Paris Nanterre</td></tr><tr><td>Duflo Colas</td><td>Paris Nanterre</td></tr><tr><td>Fournel Jean-Louis</td><td>Paris 8</td></tr><tr><td>Grangé Ninon</td><td>Paris 8&nbsp;</td></tr><tr><td>Hérisson Audrey</td><td>ACADEM (Académie militaire de défense – École militaire)</td></tr><tr><td>Ingrao Christian&nbsp;</td><td>CNRS / EHESS / CESPRA</td></tr><tr><td>Piégais Gwendal</td><td>Center for War Studies / ERC advanced grant Civil Wars (Pro. Gerwarth dir.)</td></tr><tr><td>Ribeiro Cavalcanti Thomaz Julia</td><td>Réseau de jeunes chercheurs&nbsp;<em>Une plus grande guerre</em></td></tr><tr><td>Schu Adrien</td><td>U. Bordeaux-Montaigne Institut de recherches Montesquieu Président de l’AEGES (Association pour les études sur la guerre et sur la stratégie)</td></tr><tr><td>Séné Xavier</td><td>La Contemporaine</td></tr><tr><td>Tanniou Florence</td><td>Paris Nanterre</td></tr><tr><td>Zard Philippe</td><td>Paris Nanterre</td></tr></tbody></table></figure>

<p>Nous sommes très reconnaissants à l&#8217;ensemble des personnes et des institutions qui soutiennent le programme Memostasis : nommer, penser, reconnaître les guerres civiles (littérature, philosophie, histoire) Les membres permanents de MEMOSTASIS Membres seniors fondatrices Mathilde Bernard, MCF, Littérature française, Université Paris Nanterre Laurence Campa, Prof., Littérature fançaise, Université Paris Nanterre Ninon Grangé, Prof., Philosophie, Université&#8230;</p>
